32633 a prime number?
True
Is 14867 a composite number?
False
Is 367597 a composite number?
False
Is 95441 a prime number?
True
Is 559651 a prime number?
False
Is 3041 prime?
True
Is 104491 a prime number?
True
Is 532583 a composite number?
True
Is 593473 composite?
False
Is 622681 a prime number?
False
Is 569497 composite?
False
Is 4117 prime?
False
Is 1072237 prime?
False
Is 11863 composite?
False
Is 2707 a composite number?
False
Is 2833 a composite number?
False
Is 41309 prime?
False
Is 20827 a composite number?
True
Is 27611 a prime number?
True
Is 5748103 a composite number?
False
Is 469 a composite number?
True
Is 79159 composite?
False
Is 93169 a composite number?
False
Is 161 composite?
True
Is 40483 prime?
True
Is 5804543 a prime number?
True
Is 2103719 prime?
True
Is 54673 a prime number?
True
Is 37819 prime?
False
Is 393823 composite?
True
Is 178637 a composite number?
True
Is 161843 prime?
False
Is 9026 a composite number?
True
Is 114937 prime?
False
Is 85809 prime?
False
Is 876151 a prime number?
False
Is 1063817 a composite number?
True
Is 190207 a composite number?
False
Is 1267013 prime?
False
Is 54361 composite?
False
Is 30633 prime?
False
Is 10847 a prime number?
True
Is 23891 prime?
False
Is 33731 composite?
True
Is 5557 a prime number?
True
Is 39911 a composite number?
True
Is 22429 prime?
False
Is 441029 a prime number?
True
Is 858257 a composite number?
True
Is 124561 a prime number?
True
Is 443855 a prime number?
False
Is 583 composite?
True
Is 22235 a composite number?
True
Is 171007 prime?
True
Is 203127 prime?
False
Is 2533 a prime number?
False
Is 282481 a composite number?
False
Is 48053 prime?
False
Is 83 prime?
True
Is 9463 composite?
False
Is 47161 prime?
True
Is 321089 a prime number?
False
Is 622231 a composite number?
True
Is 313907 composite?
True
Is 10121 a prime number?
False
Is 2743 a prime number?
False
Is 81503 prime?
False
Is 6497 a prime number?
False
Is 135019 composite?
False
Is 275881 a prime number?
True
Is 179939 prime?
True
Is 120187 a prime number?
False
Is 2518 prime?
False
Is 25601 a composite number?
False
Is 3530971 prime?
True
Is 713653 prime?
True
Is 10499 composite?
False
Is 9599 composite?
True
Is 3833 a composite number?
False
Is 397 prime?
True
Is 29647 composite?
True
Is 5731 a prime number?
False
Is 3437599 composite?
True
Is 483133 prime?
False
Is 407441 composite?
True
Is 7991 a composite number?
True
Is 292639 composite?
True
Is 49373 composite?
True
Is 5623 prime?
True
Is 135637 composite?
False
Is 191527 a prime number?
False
Is 35221 composite?
False
Is 196919 a prime number?
True
Is 150401 composite?
False
Is 26791 prime?
False
Is 7269 prime?
False
Is 13247 prime?
False
Is 84263 a prime number?
True
Is 8287 composite?
False
Is 429529 a prime number?
True
Is 805571 a prime number?
False
Is 25997 a prime number?
True
Is 119723 composite?
False
Is 233867 composite?
True
Is 45947 a composite number?
True
Is 55801 a prime number?
False
Is 5179 prime?
True
Is 1343033 prime?
True
Is 533297 composite?
False
Is 5581 a prime number?
True
Is 383569 prime?
False
Is 66373 composite?
False
Is 39503 composite?
False
Is 54523 prime?
False
Is 3659 composite?
False
Is 657581 composite?
False
Is 2739089 a prime number?
True
Is 1622897 a composite number?
True
Is 24133 a composite number?
False
Is 442651 a composite number?
True
Is 14029 a prime number?
True
Is 13639 a prime number?
False
Is 19027 a prime number?
False
Is 54703 prime?
False
Is 50701 a prime number?
False
Is 21269 a composite number?
False
Is 3271 composite?
False
Is 1756357 prime?
True
Is 771517 prime?
True
Is 37735 prime?
False
Is 18517 a composite number?
False
Is 1895 prime?
False
Is 6295 a composite number?
True
Is 156941 composite?
False
Is 45943 a prime number?
True
Is 10061 composite?
False
Is 1399 composite?
False
Is 397427 a composite number?
False
Is 55789 a composite number?
True
Is 6373 prime?
True
Is 14519 a prime number?
True
Is 16183 composite?
False
Is 116173 prime?
False
Is 68007 a composite number?
True
Is 7031 a composite number?
True
Is 148573 composite?
False
Is 35755 composite?
True
Is 21467 prime?
True
Is 199357 a prime number?
True
Is 1020871 composite?
True
Is 5981 prime?
True
Is 128901 prime?
False
Is 2300269 a prime number?
True
Is 1723 composite?
False
Is 401473 composite?
False
Is 76933 a composite number?
True
Is 79457 prime?
False
Is 12187 prime?
False
Is 12791 a prime number?
True
Is 3743 composite?
True
Is 833557 a prime number?
True
Is 2833 composite?
False
Is 375203 prime?
True
Is 19562 a composite number?
True
Is 6605 a composite number?
True
Is 137593 composite?
False
Is 24967 a composite number?
False
Is 274915 a prime number?
False
Is 4583 composite?
False
Is 84613 prime?
False
Is 16183 prime?
True
Is 244759 composite?
False
Is 94971 composite?
True
Is 35051 prime?
True
Is 2357 a composite number?
False
Is 19889 a prime number?
True
Is 167669 prime?
False
Is 164153 prime?
False
Is 3172189 a prime number?
True
Is 102607 prime?
True
Is 3847 prime?
True
Is 6245 a prime number?
False
Is 551539 composite?
False
Is 27823 a composite number?
False
Is 3291611 a composite number?
True
Is 12497 a composite number?
False
Is 611203 composite?
True
Is 4181 prime?
False
Is 1352719 a prime number?
False
Is 1391051 a prime number?
True
Is 31469 composite?
False
Is 4561 a composite number?
False
Is 1063253 a composite number?
True
Is 250643 a composite number?
False
Is 14979 prime?
False
Is 264379 prime?
False
Is 488913 prime?
False
Is 1171 composite?
False
Is 122141 prime?
False
Is 57451 a prime number?
False
Is 957289 prime?
True
Is 1589 a prime number?
False
Is 525061 a prime number?
False
Is 15819 composite?
True
Is 46106 composite?
True
Is 1810787 a composite number?
True
Is 3251 a prime number?
True
Is 6007 a prime number?
True
Is 2231 a composite number?
True
Is 52567 prime?
True
Is 8935 composite?
True
Is 452077 prime?
True
Is 24027 a prime number?
False
Is 214093 composite?
True
Is 5189 a prime number?
True
Is 78367 a composite number?
False
Is 158693 prime?
False
Is 233969 prime?
True
Is 4555 a composite number?
True
Is 97259 prime?
True
Is 4265 prime?
False
Is 25523 prime?
True
Is 444167 composite?
False
Is 2594 composite?
True
Is 1363469 a composite number?
False
Is 75711 prime?
False
Is 34739 a prime number?
True
Is 42239 a composite number?
False
Is 889211 a composite number?
False
Is 294523 composite?
False
Is 270602 composite?
True
Is 155443 prime?
True
Is 11777 a composite number?
False
Is 68993 a prime number?
True
Is 1171 a prime number?
True
Is 49363 composite?
False
Is 28957 a prime number?
False
Is 21893 a prime number?
True
Is 5807 prime?
True
Is 102509 prime?
False
Is 50509 composite?
True
Is 8542 composite?
True
Is 5458 a composite number?
True
Is 196961 composite?
False
Is 33961 prime?
True
Is 83969 a prime number?
True
Is 11249 prime?
False
Is 8209 a prime number?
True
Is 1759 a composite number?
False
Is 507289 prime?
True
Is 233021 a prime number?
True
Is 947 a prime number?
True
Is 2993605 prime?
False
Is 5182 a composite number?
True
Is 30041 a prime number?
False
Is 60757 a composite number?
False
Is 262451 a composite number?
True
Is 541 prime?
True
Is 34421 a composite number?
False
Is 280309 a composite number?
True
Is 127997 a composite number?
False
Is 881033 a prime number?
False
Is 2076919 prime?
False
Is 19667 prime?
False
Is 227437 composite?
True
Is 1177 a composite number?
True
Is 3797 prime?
True
Is 521387 a prime number?
False
Is 256049 prime?
True
Is 177 a composite number?
True
Is 147029 prime?
True
Is 300719 composite?
False
Is 278801 composite?
False
Is 1125463 prime?
False
Is 381253 prime?
True
Is 127 prime?
True
Is 1133009 prime?
True
Is 1709287 prime?
True
Is 4834 a composite number?
True
Is 18965 composite?
True
Is 16615 composite?
True
Is 10007 a prime number?
True
Is 17539 composite?
False
Is 9467 composite?
False
Is 153814 prime?
False
Is 6803 prime?
True
Is 3379567 prime?
False
Is 6913 prime?
False
Is 524163 a prime number?
False
Is 120961 a composite number?
True
Is 68995 prime?
False
Is 38039 a prime number?
True
Is 4987 a prime number?
True
Is 6843 prime?
False
Is 358531 composite?
False
Is 50821 prime?
True
Is 5381 prime?
True
Is 72493 a comp